culate the highest common divisor of 15 and m.
15
Let j be (6/3)/((-9)/72*-8). Let w be -7 - -3 - -7 - (j + -69). Calculate the highest common factor of 30 and w.
10
Suppose 148 = 3*r + 5*m, 3*m + 168 = 4*r - 10. Let s be r/3 + (-2)/6. What is the highest common divisor of 6 and s?
3
Let v be (-247895)/(-86) - (-1)/2. What is the highest common factor of v and 3?
3
Let x(i) = -6*i**3 - 3*i**2 - 29*i - 52. Let r be x(-2). What is the greatest common divisor of r and 378?
42
Suppose 137*y + 1217 = 147*y - 733. What is the highest common divisor of 8307 and y?
39
Let r(p) = 3*p**2 - 6*p - 9. Let a be r(-4). Let o = -89 - -96. Calculate the greatest common factor of o and a.
7
Let f(h) = 10*h**2 - h - 2. Let m(r) = 9*r**2 - r - 3. Let x(t) = 6*f(t) - 5*m(t). Let a be x(2). What is the highest common factor of a and 244?
61
Suppose 0 = -5*n - 19 - 11. Let u be 3/n - 42/(-4). Suppose -5*o + 84 = 4*r, -3*o + r = -0*r - 64. What is the greatest common divisor of o and u?
10
Let c(u) = -2*u**3 + 2*u**2 - 1. Let w be c(-1). Suppose -191*d - 199*d + 780 = 0. Calculate the greatest common factor of d and w.
1
Let k be 321/21 - (-4)/(-14). Suppose k = -x + 17. Calculate the highest common divisor of x and 25.
1
Let w = 6038 + -4617. Calculate the greatest common divisor of 392 and w.
49
Let u = -3356 + 3436. What is the highest common divisor of 368 and u?
16
Let g be ((-3729)/(-2))/(646/136 + -4). What is the highest common factor of 88 and g?
22
Let z = -62 + 14. Let f = z + 55. Suppose 8*m - 3*m + f = u, -2*m + 38 = 3*u. What is the highest common factor of 28 and u?
4
Suppose 54 = o - 78*s + 73*s, 4*o - 3*s - 114 = 0. What is the greatest common factor of o and 3918?
6
Suppose 4*l = 2*y + 274, 2*l + 0*l - 3*y = 147. Let o be (1224/34 - (19 + -5)) + 20. Calculate the greatest common factor of o and l.
6
Let u(r) = -4*r**3 - 2*r**2 - 8*r - 17. Let d be u(-7). What is the greatest common divisor of d and 52?
13
Suppose -203 = f - 30*f. Let p(x) = 46*x + 278. Let s be p(f). Calculate the highest common factor of 15 and s.
15
Suppose 3 = 4*b + 2*p - 23, p = -5. Suppose -163 = b*f - 478. What is the highest common factor of 7 and f?
7
Let j be 9 + 42/(-6) + (1 - -104). Let p = 283 - j. What is the highest common factor of p and 16?
16
Suppose 6*b - 4*b = 5*v - 1107, 0 = -4*b - 2*v - 2274. Let n be b/(-6) - ((-57)/(-9) + -5). Calculate the highest common divisor of n and 372.
93
Let h be (12/(-28))/(15/(-245)). Calculate the highest common factor of h and 1141.
7
Let x(t) = 5*t - 61. Let f be x(-22). Let y = f - -223. Calculate the greatest common factor of y and 832.
52
Let f(v) = -2413*v + 12359. Let d be f(5). Calculate the highest common divisor of 112 and d.
14
Let k(v) = -18*v - 217. Let p(u) = -17*u - 216. Let f(l) = 3*k(l) - 4*p(l). Let o be f(-15). What is the highest common divisor of 48 and o?
3
Let a(q) = 11*q**2 - 100*q + 49. Let b(j) = -6*j**2 + 51*j - 25. Let o(p) = 3*a(p) + 5*b(p). Let d be o(15). Calculate the highest common divisor of d and 22.
22
Let h(p) = -p**3 + 4*p**2 + 2*p + 724. Let n be h(0). Calculate the highest common factor of n and 16.
4
Let t be 81/18 - 3/(-2). Suppose -433 = -t*b + 485. Suppose -l + b = -3*m, -5*m + 222 + 643 = 5*l. Calculate the greatest common factor of l and 24.
24
Let v be ((-5)/(20/(-284)))/((-264)/(-20) - 13). Calculate the greatest common factor of v and 40.
5
Suppose -21150 = -27*g + 3798. Calculate the greatest common factor of g and 88.
44
Let u be ((-345)/207)/(1/(-17 - 1)). Calculate the greatest common factor of u and 2400.
30
Let k be -30*10/15*-1 - -6. Suppose -k*p = -89*p + 50337. Calculate the highest common factor of p and 47.
47
Let x(b) be the third derivative of -b**5/60 - 23*b**4/24 - 5*b**3/3 + 16*b**2. Let h be x(-18). Let c = -45 + h. What is the highest common divisor of 5 and c?
5
Suppose -4188031 - 3598017 = -337*a. What is the highest common divisor of a and 38?
38
Let q(o) = -7*o + 546. Let k be q(20). What is the greatest common divisor of 14 and k?
14
Let v = 9 - 7. Suppose -3*s = s + 4, -v*q + 3*s + 63 = 0. Suppose 4*j - 104 = 4*i, 0 = -4*j + 2*i + 84 + 28. Calculate the highest common divisor of j and q.
30
Suppose 3*j - 240 = -5*l, 376*l = 375*l. What is the highest common factor of j and 20?
20
Let n(x) = 133*x**2 + 514*x + 2051. Let l be n(-4). What is the greatest common divisor of l and 386?
193
Let w(u) = -15*u**3 - 14*u**2 - 133*u - 8. Let i be w(-7). What is the greatest common divisor of i and 36?
18
Suppose -z + 5*x = -25, 2*x - 171 = -5*z + 62. Let j = -40 + z. Let r(l) = 10*l - 33. Let o be r(j). What is the greatest common divisor of o and 68?
17
Let z(q) = -q**3 + 10*q**2 - 15*q + 112. Let c be z(8). Suppose 1 - 41 = -r. What is the highest common divisor of c and r?
40
Let z(v) = -26*v - 182. Let i be z(-26). Let g = 562 - i. Suppose f + 18 = w, -3*f = -0*w - 2*w + 37. Calculate the highest common divisor of g and w.
17
Suppose a - 5*a = -8004. Suppose -2*k = k + 18, k = l - 93. What is the highest common factor of l and a?
87
Let d be 114 + ((-162)/(-45) - (-18)/45). What is the highest common factor of d and 59?
59
Let t be ((-6)/(-25))/((-2)/10) + 2208/115. Calculate the greatest common factor of t and 17469.
9
Let f be (13/(-416)*-48)/((-5)/4)*-45255. What is the greatest common divisor of 63 and f?
63
Let g(y) = 4*y**2 + 49*y - 102. Let f be g(2). Let i = 173 - 41. Calculate the greatest common factor of f and i.
12
Let i(b) = 18*b - 156. Let h(r) = -17*r + 157. Let n(l) = -5*h(l) - 4*i(l). Let f be n(16). Calculate the highest common divisor of f and 188.
47
Suppose -i + 37 = -47. Let c be (-434)/(-7) + -3 + -3 + 4. Calculate the highest common factor of c and i.
12
Suppose 0*r = r - 28. Let t be -527 + 516 + (-918)/2*-1. What is the highest common divisor of t and r?
28
Let d(k) = -k**2 + 1227*k + 585. Let a be d(0). Calculate the highest common factor of 8385 and a.
195
Suppose 128 + 70 = 11*x. Let u be 105 - (x/15)/(4/10). Let h = u + -68. Calculate the greatest common divisor of h and 51.
17
Let r be (17/(-4) + (-4 - -8))/(1/(-16)). Suppose 3*q - 9 - 33 = 0. Suppose 1 = r*u - 5*u, 2*u - q = -y. Calculate the highest common divisor of 40 and y.
8
Let p = 505 + 393. Let o = p + -478. What is the greatest common divisor of 60 and o?
60
Let i be (-7)/(-3 + 1 + 153/78). Suppose -36*o - i = -38*o. What is the greatest common factor of 1183 and o?
91
Let s(f) = 82*f**2 + 11*f + 3. Let g be s(1). What is the greatest common divisor of g and 12072?
24
Let s = -14 - 5. Let a = 34 + s. Let g be 45/((-12)/16*-2). Calculate the greatest common divisor of g and a.
15
Suppose 2*x - 1835 = 5*y, 969 - 2801 = -2*x + 2*y. Calculate the greatest common divisor of x and 465.
15
Suppose -9*n + 5*x + 110 = -4*n, -4*n = 4*x - 56. Suppose o - 3*w - 30 = 0, 0*o - 4*w + 200 = 4*o. Calculate the highest common factor of o and n.
9
Let c be -2*1 - 0/5. Let q be (-2614)/(-22) + c/(-11). Suppose 12*m - 4*p - 136 = 8*m, 4*p = -3*m + 102. What is the greatest common divisor of m and q?
17
Let d = 1516 + -593. Calculate the highest common divisor of 104 and d.
13
Let n(g) = g**3 - 8*g**2 - 17*g - 28. Let h be n(10). Let l(p) = 43*p**2 - 2*p - 6. Let u be l(h). What is the highest common factor of u and 36?
18
Suppose 2*f = -5*b + 652, -4*b + 447 - 2143 = -5*f. What is the highest common divisor of 4416 and f?
48
Let v = -130 + 134. Let n be (1 + 94)*(v - 3). Calculate the greatest common factor of n and 57.
19
Suppose 0 = u - 422 - 753. Suppose 582 = 4*z - 3*z - 3*x, 2*z + 5*x - u = 0. What is the highest common factor of z and 65?
65
Let x be 1 - -81 - 0/2. Suppose 0 = -5*u + 4*a + 181, -22*a - 24 = -26*a. Calculate the highest common divisor of u and x.
41
Let d be (-16 + -8)*5/(20/(-7)). What is the highest common factor of d and 1449?
21
Suppose -441 = -27*q + 396. What is the greatest common divisor of 155 and q?
31
Suppose 3*j + 3*d + 132 = 0, 2*d - 82 = 2*j - 2*d. Let c = 23 + j. Let x = 51 + c. Calculate the greatest common divisor of x and 62.
31
Let s be 8/(-14) - 2596/14. Let w = -104 - s. Let y = w - 12. Calculate the greatest common factor of y and 175.
35
Let q be -7 + (-124)/(-20) + (-5)/(125/(-309395)). Calculate the highest common factor of q and 297.
99
Let g(y) 